20 (base 3) in base 11?
39
Convert 5 (base 6) to base 11.
5
Convert -50 (base 15) to base 11.
-69
31 (base 4) to base 14
d
What is -213 (base 6) in base 14?
-5b
Convert -11 (base 3) to base 11.
-4
Convert -132 (base 13) to base 14.
-110
-143 (base 5) to base 10
-48
Convert 10 (base 3) to base 7.
3
What is -1031 (base 4) in base 16?
-4d
What is -5 (base 13) in base 6?
-5
What is -21 (base 12) in base 14?
-1b
What is -17 (base 8) in base 3?
-120
-17 (base 11) to base 14
-14
Convert -5 (base 15) to base 14.
-5
Convert -e (base 15) to base 14.
-10
What is -10 (base 3) in base 9?
-3
-45 (base 13) to base 15
-3c
Convert 30 (base 10) to base 12.
26
Convert 3 (base 8) to base 5.
3
Convert -4 (base 15) to base 5.
-4
163 (base 9) to base 6
350
-3 (base 7) to base 13
-3
What is 7 (base 14) in base 7?
10
b0 (base 12) to base 8
204
41 (base 5) to base 10
21
What is -2c (base 14) in base 7?
-55
Convert -3 (base 8) to base 4.
-3
Convert 11 (base 7) to base 6.
12
Convert -7 (base 14) to base 8.
-7
What is -10 (base 5) in base 12?
-5
What is 10001 (base 2) in base 3?
122
-af (base 16) to base 7
-340
Convert 3 (base 9) to base 5.
3
What is 10202 (base 3) in base 16?
65
Convert 4 (base 10) to base 5.
4
-15 (base 12) to base 13
-14
-4 (base 7) to base 5
-4
What is 132 (base 4) in base 12?
26
Convert 12 (base 5) to base 3.
21
-2 (base 13) to base 3
-2
Convert 1 (base 2) to base 9.
1
What is 3 (base 8) in base 14?
3
What is 26 (base 10) in base 11?
24
Convert -5 (base 11) to base 4.
-11
Convert 3a (base 12) to base 4.
232
What is 222 (base 9) in base 16?
b6
Convert 154 (base 9) to base 11.
109
What is 130 (base 6) in base 16?
36
What is 101111 (base 2) in base 16?
2f
Convert 0 (base 2) to base 4.
0
151 (base 8) to base 15
70
What is e (base 15) in base 14?
10
14 (base 8) to base 2
1100
-62 (base 10) to base 15
-42
What is -31 (base 6) in base 14?
-15
Convert 15 (base 9) to base 4.
32
What is 31 (base 7) in base 4?
112
-81 (base 11) to base 7
-155
-11 (base 9) to base 7
-13
Convert 10 (base 4) to base 6.
4
What is 2332 (base 4) in base 10?
190
What is -8a (base 12) in base 2?
-1101010
-2 (base 15) to base 12
-2
What is 10 (base 8) in base 7?
11
What is -10 (base 2) in base 5?
-2
1110 (base 4) to base 8
124
3 (base 6) to base 13
3
Convert -c (base 15) to base 11.
-11
Convert -2 (base 7) to base 13.
-2
What is 1 (base 13) in base 10?
1
Convert -3 (base 13) to base 9.
-3
16 (base 16) to base 5
42
-6 (base 15) to base 11
-6
Convert 259 (base 11) to base 8.
462
Convert 1010 (base 2) to base 13.
a
Convert 5 (base 7) to base 12.
5
What is 4 (base 15) in base 9?
4
What is -33 (base 16) in base 11?
-47
-2 (base 16) to base 4
-2
What is -1 (base 13) in base 8?
-1
-22 (base 14) to base 7
-42
7 (base 12) to base 4
13
What is -11 (base 4) in base 10?
-5
87 (base 10) to base 7
153
Convert 58 (base 10) to base 5.
213
Convert 8 (base 10) to base 8.
10
25 (base 7) to base 3
201
-1a (base 12) to base 15
-17
What is 210 (base 3) in base 4?
111
2 (base 9) to base 4
2
Convert -43 (base 11) to base 4.
-233
Convert -6 (base 9) to base 4.
-12
What is 2 (base 8) in base 9?
2
What is -3 (base 10) in base 12?
-3
Convert -8 (base 10) to base 8.
-10
Convert 1101 (base 2) to base 13.
10
What is -2 (base 4) in base 7?
-2
What is 20 (base 3) in base 13?
6
What is -1102 (base 3) in base 12?
-32
Convert 232 (base 6) to base 2.
1011100
Convert 0 (base 4) to base 2.
0
Convert 1 (base 16) to base 8.
1
What is 3123 (base 4) in base 12?
163
Convert -42 (base 11) to base 12.
-3a
2 (base 7) to base 14
2
-111 (base 2) to base 7
-10
-7 (base 13) to base 4
-13
What is 61 (base 15) in base 6?
231
Convert 63 (base 8) to base 5.
201
What is 3 (base 12) in base 5?
3
5 (base 13) to base 6
5
What is -1101 (base 2) in base 5?
-23
What is 6 (base 9) in base 14?
6
Convert -40 (base 16) to base 8.
-100
-11 (base 10) to base 2
-1011
What is 1 (base 5) in base 8?
1
What is -22 (base 5) in base 16?
-c
What is 30 (base 4) in base 3?
110
Convert -46 (base 8) to base 11.
-35
What is 2c (base 13) in base 11?
35
What is -4 (base 8) in base 16?
-4
Convert 0 (base 9) to base 4.
0
What is -172 (base 11) in base 9?
-242
What is -31 (base 4) in base 8?
-15
Convert -129 (base 11) to base 14.
-ac
Convert -2 (base 10) to base 16.
-2
1320 (base 5) to base 3
21210
Convert 0 (base 9) to base 15.
0
Convert 1d (base 14) to base 12.
23
What is 1000 (base 4) in base 8?
100
-181 (base 12) to base 2
-11110001
What is 1 (base 8) in base 16?
1
-39 (base 16) to base 10
-57
2 (base 13) to base 4
2
-121 (base 5) to base 2
-100100
What is -11a (base 12) in base 15?
-b1
What is -2 (base 14) in base 3?
-2
What is 2 (base 7) in base 2?
10
Convert 10 (base 3) to base 4.
3
Convert -9 (base 11) to base 9.
-10
-3 (base 5) to base 13
-3
What is 3 (base 7) in base 6?
3
Convert -1000 (base 2) to base 14.
-8
421 (base 6) to base 3
12211
Convert 1 (base 4) to base 16.
1
What is -8 (base 14) in base 13?
-8
0 (base 9) to base 16
0
Convert -11 (base 9) to base 8.
-12
Convert 3 (base 12) to base 13.
3
What is 2311 (base 4) in base 3?
20201
Convert -131 (base 4) to base 2.
-11101
Convert 6 (base 14) to base 16.
6
1 (base 13) to base 6
1
Convert 13 (base 6) to base 3.
100
2 (base 6) to base 10
2
Convert 1 (base 8) to base 6.
1
What is 1 (base 16) in base 8?
1
Convert 1 (base 16) to base 14.
1
What is 106 (base 8) in base 9?
77
54 (base 6) to base 4
202
Convert 91 (base 10) to base 13.
70
What is -220 (base 3) in base 14?
-1a
Convert 40 (base 11) to base 10.
44
What is 12 (base 14) in base 8?
20
Convert -140 (base 6) to base 14.
-44
Convert 65 (base 14) to base 6.
225
16 (base 7) to base 6
21
What is -5 (base 13) in base 14?
-5
What is 11d (base 15) in base 10?
253
What is -46 (base 8) in base 2?
-100110
Convert -172 (base 10) to base 6.
-444
What is -366 (base 7) in base 15?
-d0
Convert 3 (base 9) to base 8.
3
Convert -c (base 16) to base 8.
-14
2004 (base 5) to base 7
512
What is -21 (base 4) in base 9?
-10
-321 (base 4) to base 5
-212
What is 10 (base 4) in base 3?
11
What is -213 (base 4) in base 14?
-2b
Convert -58 (base 11) to base 12.
-53
3 (base 8) to base 4
3
What is -2 (base 15) in base 11?
-2
-5 (base 14) to base 4
-11
-35 (base 10) to base 8
-43
Convert -22 (base 6) to base 9.
-15
-53 (base 12) to base 14
-47
Convert -a6 (base 12) to base 10.
-126
6e (base 16) to base 3
11002
Convert 0 (base 12) to base 7.
0
What is -34 (base 14) in base 2?
-101110
What is 1 (base 3) in base 11?
1
What is -5 (base 13) in base 15?
-5
What is 42 (base 5) in base 15?
17
Convert -15 (base 9) to base 15.
-e
What is 2 (base 8) in base 2?
10
What is -3 (base 7) in base 3?
-10
What is 10000001 (base 2) in base 4?
2001
Convert 22 (base 10) to base 14.
18
What is -2 (base 5) in base 13?
-2
Convert -67 (base 15) to base 16.
-61
What is -22 (base 5) in base 13?
-c
What is 11 (base 6) in base 15?
7
11011101 (base 2) to base 14
11b
What is -d (base 16) in base 5?
-23
Convert -3 (base 5) to base 3.
-10
-6 (base 15) to base 11
-6
What is 53 (base 16) in base 10?
83
4 (base 7) to base 16
4
Convert 131 (base 6) to base 5.
210
3 (base 15) to base 12
3
Convert 43 (base 10) to base 13.
34
-1 (base 5) to base 16
-1
2c (base 15) to base 16
2a
What is -1 (base 2) in base 9?
-1
-79 (base 13) to base 16
-64
What is 3 (base 12) in base 15?
3
What is -242 (base 10) in base 3?
-22222
What is 5 (base 11) in base 9?
5
-2c (base 15) to base 4
-222
1c (base 15) to base 12
23
Convert 10110 (base 3) to base 7.
162
Convert -1200 (base 3) to base 14.
-33
What is -36 (base 11) in base 15?
-29
Convert 10000 (base 2) to base 7.
22
2323 (base 5) to base 12
242
Convert -2 (base 14) to base 15.
-2
What is -110 (base 5) in base 10?
-30
-6 (base 9) to base 4
-12
What is -122 (base 4) in base 9?
-28
-8 (base 10) to base 15
-8
Convert -4 (base 5) to base 6.
-4
-110 (base 6) to base 7
-60
-11 (base 16) to base 2
-10001
What is 0 (base 9) in base 7?
0
0 (base 8) to base 9
0
1 (base 9) to base 11
1
Convert 3 (base 11) to base 2.
11
What is 2 (base 9) in base 5?
2
-5 (base 12) to base 2
-101
-22 (base 5) to base 15
-c
Convert -13d (base 16) to base 15.
-162
What is -4 (base 10) in base 4?
-10
-14 (base 12) to base 13
-13
Convert -2a (base 14) to base 3.
-1102
-7 (base 16) to base 3
-21
Convert 22 (base 12) to base 8.
